he ten thousands digit of 584064?
8
What is the thousands digit of 2281853?
1
What is the hundreds digit of 284639?
6
What is the hundreds digit of 3687570?
5
What is the hundreds digit of 224028?
0
What is the ten thousands digit of 53930?
5
What is the ten thousands digit of 466807?
6
What is the units digit of 295614?
4
What is the units digit of 3073081?
1
What is the tens digit of 1298041?
4
What is the millions digit of 5276817?
5
What is the hundreds digit of 8127963?
9
What is the millions digit of 3459604?
3
What is the ten thousands digit of 184623?
8
What is the thousands digit of 2792895?
2
What is the units digit of 13542677?
7
What is the thousands digit of 6894896?
4
What is the units digit of 97046?
6
What is the thousands digit of 2712289?
2
What is the units digit of 14411009?
9
What is the hundreds digit of 2613014?
0
What is the ten thousands digit of 3886661?
8
What is the tens digit of 9679266?
6
What is the units digit of 665958?
8
What is the units digit of 719798?
8
What is the hundreds digit of 26321?
3
What is the millions digit of 4299658?
4
What is the tens digit of 33633?
3
What is the tens digit of 228929?
2
What is the millions digit of 1054709?
1
What is the ten millions digit of 24987557?
2
What is the hundred thousands digit of 11599450?
5
What is the ten thousands digit of 11969972?
6
What is the thousands digit of 4145200?
5
What is the hundreds digit of 1515476?
4
What is the hundred thousands digit of 35230760?
2
What is the ten thousands digit of 34918?
3
What is the thousands digit of 393399?
3
What is the hundred thousands digit of 4501127?
5
What is the units digit of 19267162?
2
What is the units digit of 1654390?
0
What is the tens digit of 40564?
6
What is the ten thousands digit of 136868?
3
What is the tens digit of 404394?
9
What is the hundred thousands digit of 12000000?
0
What is the tens digit of 1084245?
4
What is the thousands digit of 102226?
2
What is the hundred thousands digit of 106165?
1
What is the tens digit of 2471679?
7
What is the ten thousands digit of 1512274?
1
What is the hundred thousands digit of 186804?
1
What is the hundreds digit of 229950?
9
What is the hundreds digit of 6765894?
8
What is the thousands digit of 1147022?
7
What is the units digit of 320750?
0
What is the hundreds digit of 968620?
6
What is the hundred thousands digit of 569999?
5
What is the units digit of 114008?
8
What is the hundred thousands digit of 22637562?
6
What is the thousands digit of 117396?
7
What is the hundred thousands digit of 164405?
1
What is the tens digit of 655251?
5
What is the units digit of 648184?
4
What is the tens digit of 2749677?
7
What is the millions digit of 1118461?
1
What is the thousands digit of 122372?
2
What is the hundred thousands digit of 111749?
1
What is the millions digit of 7657115?
7
What is the thousands digit of 7395025?
5
What is the ten thousands digit of 6741789?
4
What is the units digit of 171510?
0
What is the hundreds digit of 36185?
1
What is the millions digit of 16385074?
6
What is the hundred thousands digit of 2920712?
9
What is the millions digit of 1108380?
1
What is the millions digit of 13737920?
3
What is the units digit of 13404844?
4
What is the hundreds digit of 56410?
4
What is the ten thousands digit of 320807?
2
What is the millions digit of 31667848?
1
What is the hundred thousands digit of 640185?
6
What is the hundreds digit of 2968079?
0
What is the ten thousands digit of 116159?
1
What is the units digit of 604657?
7
What is the hundred thousands digit of 15647262?
6
What is the tens digit of 301673?
7
What is the tens digit of 493500?
0
What is the hundreds digit of 356886?
8
What is the ten thousands digit of 135022?
3
What is the thousands digit of 361316?
1
What is the hundred thousands digit of 16546019?
5
What is the hundreds digit of 1622213?
2
What is the ten thousands digit of 1711327?
1
What is the hundred thousands digit of 3721168?
7
What is the thousands digit of 3957692?
7
What is the tens digit of 15544433?
3
What is the ten thousands digit of 161145?
6
What is the units digit of 15693252?
2
What is the millions digit of 7503715?
7
What is the thousands digit of 108276?
8
What is the thousands digit of 28752559?
2
What is the ten thousands digit of 6433368?
3
What is the millions digit of 11580322?
1
What is the ten thousands digit of 1050602?
5
What is the ten millions digit of 13510843?
1
What is the tens digit of 2987970?
7
What is the hundred thousands digit of 856844?
8
What is the hundreds digit of 2939725?
7
What is the thousands digit of 42083492?
3
What is the ten millions digit of 25948453?
2
What is the units digit of 1098816?
6
What is the thousands digit of 265182?
5
What is the hundred thousands digit of 2086287?
0
What is the tens digit of 570811?
1
What is the ten thousands digit of 4421150?
2
What is the hundred thousands digit of 9106105?
1
What is the tens digit of 849616?
1
What is the thousands digit of 1148541?
8
What is the tens digit of 2031505?
0
What is the ten thousands digit of 319310?
1
What is the tens digit of 27327603?
0
What is the thousands digit of 301045?
1
What is the hundreds digit of 601521?
5
What is the thousands digit of 2918520?
8
What is the units digit of 263486?
6
What is the ten thousands digit of 1430540?
3
What is the hundred thousands digit of 5820581?
8
What is the units digit of 1966470?
0
What is the ten thousands digit of 3239463?
3
What is the tens digit of 758014?
1
What is the millions digit of 1443932?
1
What is the units digit of 826785?
5
What is the thousands digit of 4272882?
2
What is the units digit of 2061326?
6
What is the hundred thousands digit of 444469?
4
What is the tens digit of 25796159?
5
What is the hundred thousands digit of 3563344?
5
What is the units digit of 105332?
2
What is the thousands digit of 33137114?
7
What is the units digit of 14228886?
6
What is the thousands digit of 89723?
9
What is the ten thousands digit of 2771216?
7
What is the units digit of 113269?
9
What is the hundred thousands digit of 549269?
5
What is the hundred thousands digit of 365471?
3
What is the ten thousands digit of 249404?
4
What is the millions digit of 1978442?
1
What is the thousands digit of 170977?
0
What is the hundreds digit of 1849979?
9
What is the millions digit of 23173015?
3
What is the hundreds digit of 15668224?
2
What is the ten thousands digit of 8274802?
7
What is the hundreds digit of 1437080?
0
What is the tens digit of 581315?
1
What is the thousands digit of 748650?
8
What is the ten thousands digit of 8822994?
2
What is the tens digit of 2625080?
8
What is the hundred thousands digit of 215602?
2
What is the thousands digit of 423163?
3
What is the millions digit of 6927716?
6
What is the hundreds digit of 9267547?
5
What is the ten thousands digit of 2980973?
8
What is the thousands digit of 766291?
6
What is the millions digit of 1793966?
1
What is the tens digit of 821087?
8
What is the hundreds digit of 3315491?
4
What is the thousands digit of 1770809?
0
What is the millions digit of 5685636?
5
What is the millions digit of 7694954?
7
What is the tens digit of 7376961?
6
What is the hundred thousands digit of 810413?
8
What is the tens digit of 2132386?
8
What is the hundreds digit of 6658354?
3
What is the tens digit of 80431?
3
What is the thousands digit of 514644?
4
What is the tens digit of 293805?
0
What is the tens digit of 1584747?
4
What is the hundred thousands digit of 9144679?
1
What is the millions digit of 10992405?
0
What is the tens digit of 2155771?
7
What is the tens digit of 10471662?
6
What is the hundreds digit of 946077?
0
What is the tens digit of 777756?
5
What is the millions digit of 1087927?
1
What is the tens digit of 308888?
8
What is the ten thousands digit of 934439?
3
What is the hundred thousands digit of 852609?
8
What is the units digit of 335843?
3
What is the millions digit of 2086302?
2
What is the millions digit of 2123499?
2
What is the tens digit of 157790?
9
What is the tens digit of 18432616?
1
What is the thousands digit of 1437691?
7
What is the ten thousands digit of 316940?
1
What is the tens digit of 77207?
0
What is the tens digit of 585186?
8
What is the units digit o